{"id":188,"date":"2020-01-19T19:17:38","date_gmt":"2020-01-19T18:17:38","guid":{"rendered":"https:\/\/ffstkind.at\/?page_id=188"},"modified":"2021-08-10T18:12:26","modified_gmt":"2021-08-10T16:12:26","slug":"haftungserklaerung","status":"publish","type":"page","link":"https:\/\/www.ff-unterrohr.at\/?page_id=188","title":{"rendered":"Haftungserkl\u00e4rung"},"content":{"rendered":"\n<p><strong>1. Inhalt des Onlineangebotes<\/strong><br>Der  Herausgeber \u00fcbernimmt keinerlei Gew\u00e4hr f\u00fcr die Aktualit\u00e4t, Korrektheit,  Vollst\u00e4ndigkeit oder Qualit\u00e4t der bereitgestellten Informationen.  Haftungsanspr\u00fcche gegen den Herausgeber, welche sich auf Sch\u00e4den  materieller oder ideeller Art beziehen, die durch die Nutzung oder  Nichtnutzung der dargebotenen Informationen bzw. durch die Nutzung  fehlerhafter und unvollst\u00e4ndiger Informationen verursacht wurden, sind  grunds\u00e4tzlich ausgeschlossen.<br> Alle Angebote sind freibleibend und  unverbindlich. Der Herausgeber beh\u00e4lt es sich ausdr\u00fccklich vor, Teile  der Seiten oder das gesamte Angebot ohne gesonderte Ank\u00fcndigung zu  ver\u00e4ndern, zu erg\u00e4nzen, zu l\u00f6schen oder die Ver\u00f6ffentlichung zeitweise  oder endg\u00fcltig einzustellen.<br><br><strong> 2. Verweise und Links<\/strong><br>  Die auf der Internetseite bestehenden Links (Verweise) auf fremde  Internetseiten liegen au\u00dferhalb des Verantwortungsbereiches des  Herausgebers. Deshalb ist jede Haftung f\u00fcr die Inhalte von verlinkten  Seiten ausgeschlossen. <br> Der Herausgeber erkl\u00e4rt ausdr\u00fccklich, dass  zum Zeitpunkt der Linksetzung keine illegalen Inhalte auf den zu  verlinkenden Seiten erkennbar waren. Auf die aktuelle und zuk\u00fcnftige  Gestaltung, die Inhalte oder die Urheberschaft der  verlinkten\/verkn\u00fcpften Seiten hat der Herausgeber keinerlei Einfluss.  Deshalb distanziert er sich hiermit ausdr\u00fccklich von allen Inhalten  aller verlinkten \/verkn\u00fcpften Seiten, die nach der Linksetzung ver\u00e4ndert  wurden. Diese Feststellung gilt f\u00fcr alle innerhalb des eigenen  Internetangebotes gesetzten Links und Verweise,\u00a0Linkverzeichnissen,  Mailinglisten und in allen anderen Formen von Datenbanken, auf deren  Inhalt externe Schreibzugriffe m\u00f6glich sind. F\u00fcr \u00a0illegale, fehlerhafte  oder unvollst\u00e4ndige Inhalte und insbesondere f\u00fcr Sch\u00e4den, die aus der  Nutzung oder Nichtnutzung solcherart dargebotener Informationen  entstehen, haftet allein der Anbieter der Seite, auf welche verwiesen  wurde, nicht derjenige, der \u00fcber Links auf die jeweilige  Ver\u00f6ffentlichung lediglich verweist.<br><br><strong>3. Urheber- und Kennzeichenrecht<\/strong><br>  Der Herausgeber ist bestrebt, in allen Publikationen die Urheberrechte  der verwendeten Bilder, Grafiken, Tondokumente, Videosequenzen und Texte  zu beachten, von ihm selbst erstellte Bilder, Grafiken, Tondokumente,  Videosequenzen und Texte zu nutzen oder auf lizenzfreie Grafiken,  Tondokumente, Videosequenzen und Texte zur\u00fcckzugreifen.<br> Alle  innerhalb des Internetangebotes genannten und ggf. durch Dritte  gesch\u00fctzten Marken- und Warenzeichen unterliegen uneingeschr\u00e4nkt den  Bestimmungen des jeweils g\u00fcltigen Kennzeichenrechts und den  Besitzrechten der jeweiligen eingetragenen Eigent\u00fcmer. Allein aufgrund  der blo\u00dfen Nennung ist nicht der Schluss zu ziehen, dass Markenzeichen  nicht durch Rechte Dritter gesch\u00fctzt sind!<br> Das Copyright f\u00fcr  ver\u00f6ffentlichte, vom Herausgeber selbst erstellte Objekte bleibt allein  beim Herausgeber der Seiten. Eine Vervielf\u00e4ltigung oder Verwendung  solcher Grafiken, Tondokumente, Videosequenzen und Texte in anderen  elektronischen oder gedruckten Publikationen ist ohne ausdr\u00fcckliche  Zustimmung des Herausgebers nicht gestattet.<br><br><strong>4. Datenschutz<\/strong><br>  Die Nutzung der im Rahmen des Impressums oder vergleichbarer Angaben  ver\u00f6ffentlichten Kontaktdaten wie Postanschriften, Telefon- und  Faxnummern sowie Emailadressen durch Dritte zur \u00dcbersendung von nicht  ausdr\u00fccklich angeforderten Informationen ist nicht gestattet. Rechtliche  Schritte gegen die Versender von sogenannten Spam-Mails bei Verst\u00f6\u00dfen  gegen dieses Verbot sind ausdr\u00fccklich vorbehalten. <br><br><br><strong>5. Rechtswirksamkeit dieses Haftungsausschlusses<\/strong><br>  Dieser Haftungsausschluss ist als Teil des Internetangebotes zu  betrachten, von dem aus auf diese Seite verwiesen wurde. Sofern Teile  oder einzelne Formulierungen dieses Textes der geltenden Rechtslage  nicht, nicht mehr \u00a0oder nicht vollst\u00e4ndig entsprechen sollten, bleiben  die \u00fcbrigen Teile \u00a0des Dokumentes in ihrem Inhalt und ihrer G\u00fcltigkeit  davon unber\u00fchrt. <\/p>\n","protected":false},"excerpt":{"rendered":"<p>1. Inhalt des OnlineangebotesDer Herausgeber \u00fcbernimmt keinerlei Gew\u00e4hr f\u00fcr die Aktualit\u00e4t, Korrektheit, Vollst\u00e4ndigkeit oder Qualit\u00e4t der bereitgestellten Informationen. Haftungsanspr\u00fcche gegen den Herausgeber, welche sich auf Sch\u00e4den materieller oder ideeller Art beziehen, die durch die Nutzung oder Nichtnutzung der dargebotenen Informationen bzw. durch die Nutzung fehlerhafter und unvollst\u00e4ndiger Informationen verursacht wurden, sind grunds\u00e4tzlich ausgeschlossen. Alle Angebote [&hellip;]<\/p>\n","protected":false},"author":2,"featured_media":0,"parent":0,"menu_order":0,"comment_status":"closed","ping_status":"closed","template":"","meta":{"_acf_changed":false,"footnotes":""},"class_list":["post-188","page","type-page","status-publish","hentry"],"acf":[],"yoast_head":"<!-- This site is optimized with the Yoast SEO plugin v24.9 - https:\/\/yoast.com\/wordpress\/plugins\/seo\/ -->\n<title>Haftungserkl\u00e4rung - FF Unterrohr<\/title>\n<meta name=\"robots\" content=\"index, follow, max-snippet:-1, max-image-preview:large, max-video-preview:-1\" \/>\n<link rel=\"canonical\" href=\"https:\/\/www.ff-unterrohr.at\/?page_id=188\" \/>\n<meta property=\"og:locale\" content=\"de_DE\" \/>\n<meta property=\"og:type\" content=\"article\" \/>\n<meta property=\"og:title\" content=\"Haftungserkl\u00e4rung - FF Unterrohr\" \/>\n<meta property=\"og:description\" content=\"1. Inhalt des OnlineangebotesDer Herausgeber \u00fcbernimmt keinerlei Gew\u00e4hr f\u00fcr die Aktualit\u00e4t, Korrektheit, Vollst\u00e4ndigkeit oder Qualit\u00e4t der bereitgestellten Informationen. Haftungsanspr\u00fcche gegen den Herausgeber, welche sich auf Sch\u00e4den materieller oder ideeller Art beziehen, die durch die Nutzung oder Nichtnutzung der dargebotenen Informationen bzw. durch die Nutzung fehlerhafter und unvollst\u00e4ndiger Informationen verursacht wurden, sind grunds\u00e4tzlich ausgeschlossen. Alle Angebote [&hellip;]\" \/>\n<meta property=\"og:url\" content=\"https:\/\/www.ff-unterrohr.at\/?page_id=188\" \/>\n<meta property=\"og:site_name\" content=\"FF Unterrohr\" \/>\n<meta property=\"article:modified_time\" content=\"2021-08-10T16:12:26+00:00\" \/>\n<meta name=\"twitter:card\" content=\"summary_large_image\" \/>\n<meta name=\"twitter:label1\" content=\"Gesch\u00e4tzte Lesezeit\" \/>\n\t<meta name=\"twitter:data1\" content=\"3\u00a0Minuten\" \/>\n<script type=\"application\/ld+json\" class=\"yoast-schema-graph\">{\"@context\":\"https:\/\/schema.org\",\"@graph\":[{\"@type\":\"WebPage\",\"@id\":\"https:\/\/www.ff-unterrohr.at\/?page_id=188\",\"url\":\"https:\/\/www.ff-unterrohr.at\/?page_id=188\",\"name\":\"Haftungserkl\u00e4rung - FF Unterrohr\",\"isPartOf\":{\"@id\":\"https:\/\/www.ff-unterrohr.at\/#website\"},\"datePublished\":\"2020-01-19T18:17:38+00:00\",\"dateModified\":\"2021-08-10T16:12:26+00:00\",\"breadcrumb\":{\"@id\":\"https:\/\/www.ff-unterrohr.at\/?page_id=188#breadcrumb\"},\"inLanguage\":\"de\",\"potentialAction\":[{\"@type\":\"ReadAction\",\"target\":[\"https:\/\/www.ff-unterrohr.at\/?page_id=188\"]}]},{\"@type\":\"BreadcrumbList\",\"@id\":\"https:\/\/www.ff-unterrohr.at\/?page_id=188#breadcrumb\",\"itemListElement\":[{\"@type\":\"ListItem\",\"position\":1,\"name\":\"Startseite\",\"item\":\"https:\/\/www.ff-unterrohr.at\/\"},{\"@type\":\"ListItem\",\"position\":2,\"name\":\"Haftungserkl\u00e4rung\"}]},{\"@type\":\"WebSite\",\"@id\":\"https:\/\/www.ff-unterrohr.at\/#website\",\"url\":\"https:\/\/www.ff-unterrohr.at\/\",\"name\":\"FF Unterrohr\",\"description\":\"Website der FF Unterrohr\",\"publisher\":{\"@id\":\"https:\/\/www.ff-unterrohr.at\/#organization\"},\"potentialAction\":[{\"@type\":\"SearchAction\",\"target\":{\"@type\":\"EntryPoint\",\"urlTemplate\":\"https:\/\/www.ff-unterrohr.at\/?s={search_term_string}\"},\"query-input\":{\"@type\":\"PropertyValueSpecification\",\"valueRequired\":true,\"valueName\":\"search_term_string\"}}],\"inLanguage\":\"de\"},{\"@type\":\"Organization\",\"@id\":\"https:\/\/www.ff-unterrohr.at\/#organization\",\"name\":\"FF Unterrohr\",\"url\":\"https:\/\/www.ff-unterrohr.at\/\",\"logo\":{\"@type\":\"ImageObject\",\"inLanguage\":\"de\",\"@id\":\"https:\/\/www.ff-unterrohr.at\/#\/schema\/logo\/image\/\",\"url\":\"https:\/\/www.ff-unterrohr.at\/wp-content\/uploads\/2021\/08\/ffunterrohr_v2-2.png\",\"contentUrl\":\"https:\/\/www.ff-unterrohr.at\/wp-content\/uploads\/2021\/08\/ffunterrohr_v2-2.png\",\"width\":493,\"height\":50,\"caption\":\"FF Unterrohr\"},\"image\":{\"@id\":\"https:\/\/www.ff-unterrohr.at\/#\/schema\/logo\/image\/\"}}]}<\/script>\n<!-- \/ Yoast SEO plugin. -->","yoast_head_json":{"title":"Haftungserkl\u00e4rung - FF Unterrohr","robots":{"index":"index","follow":"follow","max-snippet":"max-snippet:-1","max-image-preview":"max-image-preview:large","max-video-preview":"max-video-preview:-1"},"canonical":"https:\/\/www.ff-unterrohr.at\/?page_id=188","og_locale":"de_DE","og_type":"article","og_title":"Haftungserkl\u00e4rung - FF Unterrohr","og_description":"1. Inhalt des OnlineangebotesDer Herausgeber \u00fcbernimmt keinerlei Gew\u00e4hr f\u00fcr die Aktualit\u00e4t, Korrektheit, Vollst\u00e4ndigkeit oder Qualit\u00e4t der bereitgestellten Informationen. Haftungsanspr\u00fcche gegen den Herausgeber, welche sich auf Sch\u00e4den materieller oder ideeller Art beziehen, die durch die Nutzung oder Nichtnutzung der dargebotenen Informationen bzw. durch die Nutzung fehlerhafter und unvollst\u00e4ndiger Informationen verursacht wurden, sind grunds\u00e4tzlich ausgeschlossen. Alle Angebote [&hellip;]","og_url":"https:\/\/www.ff-unterrohr.at\/?page_id=188","og_site_name":"FF Unterrohr","article_modified_time":"2021-08-10T16:12:26+00:00","twitter_card":"summary_large_image","twitter_misc":{"Gesch\u00e4tzte Lesezeit":"3\u00a0Minuten"},"schema":{"@context":"https:\/\/schema.org","@graph":[{"@type":"WebPage","@id":"https:\/\/www.ff-unterrohr.at\/?page_id=188","url":"https:\/\/www.ff-unterrohr.at\/?page_id=188","name":"Haftungserkl\u00e4rung - FF Unterrohr","isPartOf":{"@id":"https:\/\/www.ff-unterrohr.at\/#website"},"datePublished":"2020-01-19T18:17:38+00:00","dateModified":"2021-08-10T16:12:26+00:00","breadcrumb":{"@id":"https:\/\/www.ff-unterrohr.at\/?page_id=188#breadcrumb"},"inLanguage":"de","potentialAction":[{"@type":"ReadAction","target":["https:\/\/www.ff-unterrohr.at\/?page_id=188"]}]},{"@type":"BreadcrumbList","@id":"https:\/\/www.ff-unterrohr.at\/?page_id=188#breadcrumb","itemListElement":[{"@type":"ListItem","position":1,"name":"Startseite","item":"https:\/\/www.ff-unterrohr.at\/"},{"@type":"ListItem","position":2,"name":"Haftungserkl\u00e4rung"}]},{"@type":"WebSite","@id":"https:\/\/www.ff-unterrohr.at\/#website","url":"https:\/\/www.ff-unterrohr.at\/","name":"FF Unterrohr","description":"Website der FF Unterrohr","publisher":{"@id":"https:\/\/www.ff-unterrohr.at\/#organization"},"potentialAction":[{"@type":"SearchAction","target":{"@type":"EntryPoint","urlTemplate":"https:\/\/www.ff-unterrohr.at\/?s={search_term_string}"},"query-input":{"@type":"PropertyValueSpecification","valueRequired":true,"valueName":"search_term_string"}}],"inLanguage":"de"},{"@type":"Organization","@id":"https:\/\/www.ff-unterrohr.at\/#organization","name":"FF Unterrohr","url":"https:\/\/www.ff-unterrohr.at\/","logo":{"@type":"ImageObject","inLanguage":"de","@id":"https:\/\/www.ff-unterrohr.at\/#\/schema\/logo\/image\/","url":"https:\/\/www.ff-unterrohr.at\/wp-content\/uploads\/2021\/08\/ffunterrohr_v2-2.png","contentUrl":"https:\/\/www.ff-unterrohr.at\/wp-content\/uploads\/2021\/08\/ffunterrohr_v2-2.png","width":493,"height":50,"caption":"FF Unterrohr"},"image":{"@id":"https:\/\/www.ff-unterrohr.at\/#\/schema\/logo\/image\/"}}]}},"_links":{"self":[{"href":"https:\/\/www.ff-unterrohr.at\/index.php?rest_route=\/wp\/v2\/pages\/188","targetHints":{"allow":["GET"]}}],"collection":[{"href":"https:\/\/www.ff-unterrohr.at\/index.php?rest_route=\/wp\/v2\/pages"}],"about":[{"href":"https:\/\/www.ff-unterrohr.at\/index.php?rest_route=\/wp\/v2\/types\/page"}],"author":[{"embeddable":true,"href":"https:\/\/www.ff-unterrohr.at\/index.php?rest_route=\/wp\/v2\/users\/2"}],"replies":[{"embeddable":true,"href":"https:\/\/www.ff-unterrohr.at\/index.php?rest_route=%2Fwp%2Fv2%2Fcomments&post=188"}],"version-history":[{"count":2,"href":"https:\/\/www.ff-unterrohr.at\/index.php?rest_route=\/wp\/v2\/pages\/188\/revisions"}],"predecessor-version":[{"id":361,"href":"https:\/\/www.ff-unterrohr.at\/index.php?rest_route=\/wp\/v2\/pages\/188\/revisions\/361"}],"wp:attachment":[{"href":"https:\/\/www.ff-unterrohr.at\/index.php?rest_route=%2Fwp%2Fv2%2Fmedia&parent=188"}],"curies":[{"name":"wp","href":"https:\/\/api.w.org\/{rel}","templated":true}]}}